{"id":50,"date":"2026-06-23T15:35:03","date_gmt":"2026-06-23T15:35:03","guid":{"rendered":"https:\/\/chant-aubiere.org\/?page_id=50"},"modified":"2026-06-26T19:22:51","modified_gmt":"2026-06-26T19:22:51","slug":"presentation","status":"publish","type":"page","link":"https:\/\/chant-aubiere.org\/index.php\/presentation\/","title":{"rendered":"Pr\u00e9sentation"},"content":{"rendered":"\n<p class=\"wp-block-paragraph\">\u00c0 Aubi\u00e8re, il est un lieu o\u00f9 les voix se rencontrent et s\u2019\u00e9l\u00e8vent.<br>Un lieu o\u00f9 le souffle devient musique, o\u00f9 les c\u0153urs battent \u00e0 l\u2019unisson.<\/p>\n\n\n\n<p class=\"wp-block-paragraph\"><strong>Chant\u2019Aubi\u00e8re<\/strong> est plus qu\u2019une chorale :<br>c\u2019est une vibration collective, une \u00e9nergie partag\u00e9e, une \u00e9motion qui circule de pupitre en pupitre.<\/p>\n\n\n\n<p class=\"wp-block-paragraph\">Du frisson du gospel aux lignes \u00e9l\u00e9gantes du classique,<br>des harmonies sacr\u00e9es aux m\u00e9lodies de vari\u00e9t\u00e9 qui nous rassemblent,<br>le ch\u0153ur explore des univers multiples avec la m\u00eame passion : celle de chanter ensemble.<\/p>\n\n\n\n<p class=\"wp-block-paragraph\">Les voix s\u2019entrelacent \u2014 soprani lumineux, alti chaleureux, t\u00e9nors \u00e9clatants, basses profondes \u2014<br>et tissent une fresque sonore riche et vivante.<br>Chaque r\u00e9p\u00e9tition est un atelier d\u2019\u00e9coute et de partage.<br>Chaque concert, une promesse d\u2019\u00e9motion.<\/p>\n\n\n\n<p class=\"wp-block-paragraph\">\u00c0 travers ses prestations \u00e0 Aubi\u00e8re et dans les environs,<br><strong>Chant\u2019Aubi\u00e8re<\/strong> fait vibrer la vie culturelle locale et cr\u00e9e des instants suspendus,<br>o\u00f9 le public et les choristes respirent au m\u00eame rythme.<\/p>\n\n\n\n<p class=\"wp-block-paragraph\">Car ici, le chant n\u2019est pas seulement une discipline :<br>il est un lien.<br>Un \u00e9lan.<br>Une joie.<\/p>\n","protected":false},"excerpt":{"rendered":"<p>\u00c0 Aubi\u00e8re, il est un lieu o\u00f9 les voix se rencontrent et s\u2019\u00e9l\u00e8vent.Un lieu o\u00f9 le souffle devient musique, o\u00f9 les c\u0153urs battent \u00e0 l\u2019unisson. Chant\u2019Aubi\u00e8re est plus qu\u2019une chorale :c\u2019est une vibration collective, une \u00e9nergie partag\u00e9e, une \u00e9motion qui circule de pupitre en pupitre. Du frisson du gospel aux &hellip;<\/p>\n","protected":false},"author":3,"featured_media":48,"parent":0,"menu_order":0,"comment_status":"closed","ping_status":"closed","template":"","meta":{"_uag_custom_page_level_css":"","footnotes":""},"class_list":["post-50","page","type-page","status-publish","has-post-thumbnail","hentry"],"uagb_featured_image_src":{"full":["https:\/\/chant-aubiere.org\/wp-content\/uploads\/2026\/06\/PHOTO-CONCERT-MARS-2026-scaled-e1782501576479.jpg",2380,1360,false],"thumbnail":["https:\/\/chant-aubiere.org\/wp-content\/uploads\/2026\/06\/PHOTO-CONCERT-MARS-2026-scaled-e1782501576479-150x150.jpg",150,150,true],"medium":["https:\/\/chant-aubiere.org\/wp-content\/uploads\/2026\/06\/PHOTO-CONCERT-MARS-2026-scaled-e1782501576479-300x171.jpg",300,171,true],"medium_large":["https:\/\/chant-aubiere.org\/wp-content\/uploads\/2026\/06\/PHOTO-CONCERT-MARS-2026-scaled-e1782501576479-768x439.jpg",768,439,true],"large":["https:\/\/chant-aubiere.org\/wp-content\/uploads\/2026\/06\/PHOTO-CONCERT-MARS-2026-scaled-e1782501576479-1024x585.jpg",1024,585,true],"1536x1536":["https:\/\/chant-aubiere.org\/wp-content\/uploads\/2026\/06\/PHOTO-CONCERT-MARS-2026-scaled-e1782501576479-1536x878.jpg",1536,878,true],"2048x2048":["https:\/\/chant-aubiere.org\/wp-content\/uploads\/2026\/06\/PHOTO-CONCERT-MARS-2026-scaled-e1782501576479-2048x1170.jpg",2048,1170,true],"post-thumbnail":["https:\/\/chant-aubiere.org\/wp-content\/uploads\/2026\/06\/PHOTO-CONCERT-MARS-2026-scaled-e1782501576479-612x350.jpg",612,350,true],"kahuna-featured":["https:\/\/chant-aubiere.org\/wp-content\/uploads\/2026\/06\/PHOTO-CONCERT-MARS-2026-scaled-e1782501576479-649x350.jpg",649,350,true],"kahuna-featured-lp":["https:\/\/chant-aubiere.org\/wp-content\/uploads\/2026\/06\/PHOTO-CONCERT-MARS-2026-scaled-e1782501576479-690x350.jpg",690,350,true],"kahuna-featured-half":["https:\/\/chant-aubiere.org\/wp-content\/uploads\/2026\/06\/PHOTO-CONCERT-MARS-2026-scaled-e1782501576479-800x350.jpg",800,350,true],"kahuna-featured-third":["https:\/\/chant-aubiere.org\/wp-content\/uploads\/2026\/06\/PHOTO-CONCERT-MARS-2026-scaled-e1782501576479-512x350.jpg",512,350,true],"kahuna-lpbox-1":["https:\/\/chant-aubiere.org\/wp-content\/uploads\/2026\/06\/PHOTO-CONCERT-MARS-2026-scaled-e1782501576479-460x350.jpg",460,350,true],"kahuna-lpbox-2":["https:\/\/chant-aubiere.org\/wp-content\/uploads\/2026\/06\/PHOTO-CONCERT-MARS-2026-scaled-e1782501576479-480x400.jpg",480,400,true]},"uagb_author_info":{"display_name":"THERESE PIONNIER","author_link":"https:\/\/chant-aubiere.org\/index.php\/author\/tmingonyahoo-fr\/"},"uagb_comment_info":0,"uagb_excerpt":"\u00c0 Aubi\u00e8re, il est un lieu o\u00f9 les voix se rencontrent et s\u2019\u00e9l\u00e8vent.Un lieu o\u00f9 le souffle devient musique, o\u00f9 les c\u0153urs battent \u00e0 l\u2019unisson. Chant\u2019Aubi\u00e8re est plus qu\u2019une chorale :c\u2019est une vibration collective, une \u00e9nergie partag\u00e9e, une \u00e9motion qui circule de pupitre en pupitre. Du frisson du gospel aux &hellip;","_links":{"self":[{"href":"https:\/\/chant-aubiere.org\/index.php\/wp-json\/wp\/v2\/pages\/50","targetHints":{"allow":["GET"]}}],"collection":[{"href":"https:\/\/chant-aubiere.org\/index.php\/wp-json\/wp\/v2\/pages"}],"about":[{"href":"https:\/\/chant-aubiere.org\/index.php\/wp-json\/wp\/v2\/types\/page"}],"author":[{"embeddable":true,"href":"https:\/\/chant-aubiere.org\/index.php\/wp-json\/wp\/v2\/users\/3"}],"replies":[{"embeddable":true,"href":"https:\/\/chant-aubiere.org\/index.php\/wp-json\/wp\/v2\/comments?post=50"}],"version-history":[{"count":1,"href":"https:\/\/chant-aubiere.org\/index.php\/wp-json\/wp\/v2\/pages\/50\/revisions"}],"predecessor-version":[{"id":51,"href":"https:\/\/chant-aubiere.org\/index.php\/wp-json\/wp\/v2\/pages\/50\/revisions\/51"}],"wp:featuredmedia":[{"embeddable":true,"href":"https:\/\/chant-aubiere.org\/index.php\/wp-json\/wp\/v2\/media\/48"}],"wp:attachment":[{"href":"https:\/\/chant-aubiere.org\/index.php\/wp-json\/wp\/v2\/media?parent=50"}],"curies":[{"name":"wp","href":"https:\/\/api.w.org\/{rel}","templated":true}]}}

Présentation

<p class="wp-block-paragraph">À Aubière, il est un lieu où les voix se rencontrent et s’élèvent.<br>Un lieu où le souffle devient musique, où les cœurs battent à l’unisson.</p>



<p class="wp-block-paragraph"><strong>Chant’Aubière</strong> est plus qu’une chorale :<br>c’est une vibration collective, une énergie partagée, une émotion qui circule de pupitre en pupitre.</p>



<p class="wp-block-paragraph">Du frisson du gospel aux lignes élégantes du classique,<br>des harmonies sacrées aux mélodies de variété qui nous rassemblent,<br>le chœur explore des univers multiples avec la même passion : celle de chanter ensemble.</p>



<p class="wp-block-paragraph">Les voix s’entrelacent — soprani lumineux, alti chaleureux, ténors éclatants, basses profondes —<br>et tissent une fresque sonore riche et vivante.<br>Chaque répétition est un atelier d’écoute et de partage.<br>Chaque concert, une promesse d’émotion.</p>



<p class="wp-block-paragraph">À travers ses prestations à Aubière et dans les environs,<br><strong>Chant’Aubière</strong> fait vibrer la vie culturelle locale et crée des instants suspendus,<br>où le public et les choristes respirent au même rythme.</p>



<p class="wp-block-paragraph">Car ici, le chant n’est pas seulement une discipline :<br>il est un lien.<br>Un élan.<br>Une joie.</p>

<p>À Aubière, il est un lieu où les voix se rencontrent et s’élèvent.Un lieu où le souffle devient musique, où les cœurs battent à l’unisson. Chant’Aubière est plus qu’une chorale :c’est une vibration collective, une énergie partagée, une émotion qui circule de pupitre en pupitre. Du frisson du gospel aux &hellip;</p>

À Aubière, il est un lieu où les voix se rencontrent et s’élèvent.Un lieu où le souffle devient musique, où les cœurs battent à l’unisson. Chant’Aubière est plus qu’une chorale :c’est une vibration collective, une énergie partagée, une émotion qui circule de pupitre en pupitre. Du frisson du gospel aux &hellip;
